 - m, 0*p - 313 = -3*u + 2*p. Is u a composite number?
False
Let d(b) = -b**2 - b + 2. Suppose -2 + 0 = n + 5*k, -2*n - 4 = 4*k. Let i be d(n). Suppose -3*c + 2338 = 5*g - 1033, i = 4*c - 4*g - 4452. Is c composite?
False
Let z be ((-3)/2 + 2)*406516. Suppose -z - 376462 = -24*v. Is v a prime number?
False
Let o = -2101564 + 2943897. Is o a composite number?
True
Let z be (-12 - -16) + 1*-6. Let t be z - 2/(2/(-3)). Is 24045/42 + t/2 prime?
False
Suppose 98*w = -42*w + 10532620. Is w prime?
False
Suppose -3*x = 3*z - 248804 - 36655, -4*x + 380616 = 2*z. Is x a composite number?
True
Suppose 592 - 76 = 3*m. Let r = 2561 + -1644. Suppose -r = -z - m. Is z a prime number?
False
Let g be (-6)/(-27) + -263*6/54. Let v(u) = u**2 - 20*u - 36. Is v(g) a composite number?
True
Let s(g) = -50*g**3 - 33*g**2 - 64*g - 13. Is s(-6) a composite number?
True
Let f = 128 + -127. Let p be f/(-2) - 27867/(-6). Suppose -4*a - 4*b + p = 0, -11*a = -10*a + 3*b - 1157. Is a prime?
True
Suppose 3*a - 18*a = -58635. Suppose a = 16*j + 1333. Is j prime?
False
Let k(j) = 49*j**3 + 4*j**2 - 2*j + 8. Let x = -53 + 56. Is k(x) a prime number?
True
Suppose -59*w - 176875 = -60*w + 3*v, 3*v + 884447 = 5*w. Is w a composite number?
True
Let m = 313 + -309. Suppose g + 5*o = m*o + 717, o + 1422 = 2*g. Is g a prime number?
False
Suppose -14*r + 1196 = 32*r. Suppose -16*l = -r*l + 23990. Is l a composite number?
False
Let b(r) be the third derivative of -245*r**4/8 - 44*r**3/3 - 67*r**2. Is b(-11) a composite number?
True
Let i(p) = 635*p**3 + 17*p**2 - 66*p + 103. Is i(7) composite?
False
Is 22117372/44 + 6/(-11) a prime number?
False
Suppose 4*c = 20, -3*n - 22*c + 363744 = -19*c. Is n a composite number?
True
Suppose x + 5*y = 2*x - 7, 0 = -4*x + 4*y + 12. Suppose -5*c + 4*w - 2231 = -591, -x*c = w + 656. Let o = -117 - c. Is o a composite number?
False
Let r = 133802 + -46479. Is r a composite number?
False
Let c(m) = -4*m - 11. Let a be c(-3). Is (1 + 2601)*1 + (a - -2) composite?
True
Let s(a) = 20164*a**2 - 46*a - 97. Is s(-2) a prime number?
True
Let z(b) = 10457*b**3 - b**2 - 4*b + 4. Let a be z(1). Let q = a - 3999. Is q a prime number?
False
Let w = -111 + 120. Suppose -13*q + 4684 = -w*q. Is q prime?
True
Let p be 0/(3 + 0 + -5). Suppose p*v - 3*v = -15. Suppose 0 = a - v*a - 4*u + 468, 353 = 3*a + u. Is a a composite number?
True
Suppose 2*j - 531376 + 2067013 = 3*i, 4*i = -j + 2047527. Is i a prime number?
False
Suppose -5*j + 8*j - 248644 = f, -331517 = -4*j + 3*f. Is j a prime number?
True
Suppose 0 = 12*y - 8*y - 8. Suppose -358 = -y*q + 2308. Suppose -1182 - q = -d. Is d a composite number?
True
Let b = -51940 + 119358. Suppose -5*s - 13752 = h - 36210, -4*s = 3*h - b. Is h a prime number?
False
Suppose c - 2 = 0, -48*o + 47*o + 2*c + 4304757 = 0. Is o composite?
False
Suppose -1 = 5*y + 9. Let s = 5 + y. Suppose -1054 = -4*f - l, 2*l - 198 = s*f - 983. Is f a prime number?
True
Is 0 + 145298 - 0*4/32 a prime number?
False
Let u(h) = h**3 - 60*h**2 - 1090*h + 125. Is u(78) a composite number?
True
Suppose -5*t - 4*q = -11141173, -11141194 = -5*t - 82*q + 85*q. Is t prime?
False
Let k(v) = 2*v**3 - 39*v**2 - 107*v - 83. Is k(35) composite?
False
Suppose 13 = w + 27*o - 23*o, 5*o = 3*w - 73. Let f(k) = 27*k**2 - 2*k + 2. Let y be f(-5). Is 10/35 + y/w a prime number?
False
Let b = 3792522 - 527129. Is b a composite number?
False
Suppose -6*p + 5541029 = -5*l, 15*l = 5*p + 18*l - 4617560. Is p a composite number?
False
Let i(l) = 1994*l**2 + 11*l - 64. Let s be i(4). Let y = s - 18161. Is y a composite number?
False
Let s = 179 + 169. Let j = 0 + 5. Suppose j*u - t - 111 = 332, 4*t = 4*u - s. Is u prime?
True
Let t(s) = -42*s - 9 - 1581271*s**2 - 2*s**3 - 8 + 1581266*s**2 + 13*s. Let z(r) = 5*r - 2. Let h be z(-2). Is t(h) a prime number?
True
Suppose -4*k = -7542 - 11422. Is k prime?
False
Let w(h) = 2*h**3 - 20*h**2 - 20*h + 19. Let p be w(14). Suppose -p = -6*g + 4351. Is g composite?
True
Let y(d) = -d**3 + 63*d**2 - 47*d - 214. Let u be y(62). Let s be (-2 - (-17 + 2))/(-1). Is u + 1 + s + 13 a composite number?
True
Suppose 0 = -3*t + 6*t - 2826. Suppose t = 5*j - 993. Let g = j + -150. Is g prime?
False
Let j(i) = 20*i + 1354. Let b be j(0). Suppose 4*x - 57 - b = -d, 4*d - 349 = -x. Is x prime?
True
Let w(v) = v**2 - 2*v - 5. Let m(g) = -g**2 + 2*g + 4. Let i(n) = 4*m(n) + 3*w(n). Let u be i(6). Is u*(-6 + (-3)/6*-2) composite?
True
Is (-62 + -1 - -2)/(273375/(-68337) + 4) a prime number?
False
Suppose 0 = -63*y + 59*y + 8. Suppose 3*b - y = 4. Suppose -4*i - 2*x = -180, b*i - x - 4*x = 114. Is i composite?
False
Let y(n) = -6 - 3*n**2 - 17 - 3*n**2 + 4*n**3. Is y(7) prime?
False
Suppose 8*h + 2155 = 7019. Let s(q) = q**3 + 12*q**2 + 12*q + 16. Let k be s(-11). Suppose 0 = -k*b + h - 13. Is b composite?
True
Suppose 0 = -302*x + 11840172 + 30193094. Is x prime?
False
Suppose -2*m - 10231 = -15*m. Suppose 2479 = 5*w + 3*l - 1565, 3213 = 4*w - 5*l. Suppose -2*x + w = p, -2*p + m = 3*x - 424. Is x prime?
False
Suppose -l - 2*w + 28681 = -5320, 4*l - 3*w = 136015. Is l prime?
False
Let y = 53215 - -535696. Is y composite?
False
Is ((-62)/248)/(2/(-6) + 855795/2567412) composite?
False
Let z(y) = -y**2 - 6*y + 3. Let s be z(0). Suppose 3*j - 4501 = -h, j = s*h - 3899 - 9624. Is h prime?
True
Let u(m) = -479*m + 18. Let l(p) = p**3 - 4*p**2 - 17*p + 26. Let w be l(6). Is u(w) a composite number?
True
Let u(m) be the second derivative of -7*m**5/20 - m**4/6 - m**3/3 + 12*m**2 + 958*m. Let r = -1 - 4. Is u(r) a prime number?
True
Let l(n) = 243*n**2 + 5*n - 119. Is l(-10) composite?
True
Let l be 5/(-10) + (-3682)/4. Let p = l - -2032. Is p prime?
False
Let i(q) = 172*q**3 + 3*q - 1. Let x be i(2). Suppose 41 + 59 = 25*d. Suppose -4*m + d*p = -5584, p - x = -m - 3*p. Is m prime?
False
Let v(w) = 16224*w - 3223. Is v(6) composite?
False
Suppose -3*k = -3*s, 0 + 8 = -4*s - 4*k. Is (-3)/((-6)/613)*(3 + s) a composite number?
False
Let k be 6 + -9 + -1*129. Let g = 60 - 99. Let r = g - k. Is r composite?
True
Let c(l) = 4*l**2 - 3*l**2 + 9*l**2 + 4*l**2 - l**3 - 14 + l. Let g be c(14). Suppose 7*i + 0*i - 12607 = g. Is i prime?
True
Let a(x) = 88*x**2 - 8*x + 5. Let p(i) = 3*i**2 + 16*i - 1. Let n be p(-5). Is a(n) prime?
True
Suppose -26*d + 15*d - 38*d + 36508283 = 0. Is d a composite number?
False
Suppose -5*d = 3*q - 31, 15 = 3*d + q + 2*q. Suppose 16*r + d*r = 119544. Is r prime?
False
Suppose 91*h - 97*h = -305886. Is h a prime number?
False
Let r = 247593 - 144950. Is r a composite number?
False
Let z be (-2 + (-14)/(-6))/(2/(-6)). Let u be 2148*-9*z/12. Suppose 4*j - u - 1390 = -3*i, -2*i + 2000 = 3*j. Is i composite?
True
Is (-2 + 24/9)*(-5861343)/(-46) a prime number?
True
Let c(y) be the second derivative of 76*y**3/3 - 17*y**2/2 + 4*y. Let q = -194 - -200. Is c(q) a composite number?
True
Suppose -3*x + 4*s = -1594985, 0 = -x - 6*s + 8*s + 531659. Is x composite?
False
Suppose -5*f + 4*y = -1345361, 0 = -51*f + 54*f - y - 807204. Is f a prime number?
False
Let o be ((-270)/(-4))/5*(-76)/(-114). Suppose 2*a = -o*a + 21439. Is a a composite number?
False
Let j = -19758 - -33593. Let q be 4/10 - j/25. Let v = q + 1007. Is v a prime number?
False
Suppose 14*d - 220400 = -2*r, 7*d = 3*r + 10*d - 330654. Is r a prime number?
True
Suppose -126*n + 280 = -121*n. Suppose -5*z - 162 = -4*k, -2*z - 2*k - 2*k - 76 = 0. Is (z/4)/((-4)/n) prime?
False
Let z(c) = -13349*c + 1705. Is z(-8) a composite number?
False
Suppose 0 = w + 5, 60*z - 61*z = -w - 888732. Is z prime?
False
Suppose -32*z + 44*z = 832380. Is z composite?
True
Let d(t) = 37 - 126*t + 195*t + 296*t. Is d(12) a composite number?
True
Let q = 901 + 2441. Suppose -56*v + q = -50*v. Is v a prime number?
True
Is (4/8 - 2)/(6/(-134956)) composite?
False
Suppose 13*u = -0*u. Is -1*(u - (2053 + -6)) prime?
False
Let w(z) = z**3 + 6*z**2 - 16*z + 2. Let t be w(-8). Suppose 3*m - 1178 = -5*s, -t*s = -4*s + 8. Suppose h - m = 1883. Is h a composite number?
False
Let r(k) = 2725*k**2 - 1296*k - 6. Is r(5) prime?
False
Is (-168 + 167)/(2/(-174038)) prime?
False
Let w be 879/(6/64 + 0). Suppose 0 = 5*g - 2*k + 34, 59*g + 13 = 57*g + k. Is ((-1)/g*-2)/((-8)/w) a prime number?
True
Let a = -94 + 66. Let q = a - -3